{"id":876,"date":"2017-11-07T16:34:30","date_gmt":"2017-11-07T14:34:30","guid":{"rendered":"http:\/\/www.ailikedesign.com\/alora\/?page_id=876"},"modified":"2021-11-18T18:15:20","modified_gmt":"2021-11-18T16:15:20","slug":"politica-de-privacidad","status":"publish","type":"page","link":"http:\/\/www.ailikedesign.com\/alora\/politica-de-privacidad\/","title":{"rendered":"<h1>Pol\u00edtica de Privacidad<h1>"},"content":{"rendered":"<h2>POL\u00cdTICA DE PRIVACIDAD<\/h2>\n<p>De acuerdo con lo establecido en el Reglamento (UE) 2016\/679 del Parlamento Europeo y del Consejo, de 27 de abril de 2016, relativo a la protecci\u00f3n de las personas f\u00edsicas en lo que respecta al tratamiento de datos personales y a la libre circulaci\u00f3n de estos datos (RGPD) y LO 3\/2018, de 5 de diciembre, de Protecci\u00f3n de Datos Personales y garant\u00eda de los derechos digitales (LOPDGDD), les informamos sobre el tratamiento de los datos personales que nos facilitan a trav\u00e9s de esta Web<\/p>\n<p><strong>&nbsp;<\/strong><\/p>\n<h3><strong>\u00bfQui\u00e9n es el responsable del tratamiento de sus datos personales?<\/strong><\/h3>\n<p>Raz\u00f3n Social: ALORA SOLUCIONES S.L.<\/p>\n<p>NIF: B85348902<\/p>\n<p>Direcci\u00f3n Postal: c\/ Segura (nave 1, Plg. Oroel), 28840 Mejorada del Campo (Madrid)<\/p>\n<p>Tel\u00e9fono: 699 965 671<\/p>\n<p>Email de contacto: administracion@alora-soluciones.es<\/p>\n<h3><strong>&nbsp;<\/strong><\/h3>\n<h3><strong>\u00bfCon qu\u00e9 finalidad trataremos sus datos personales?<\/strong><\/h3>\n<p><strong>Como Usuario de la Web:<\/strong> Sus datos ser\u00e1n utilizados para dar respuestas solicitudes de informaci\u00f3n, comentarios o sugerencias, a trav\u00e9s del apartado de contacto o de las direcciones de correo que aparezcan en nuestra p\u00e1gina y mantener la comunicaci\u00f3n con el interesado<\/p>\n<p><strong>Como seguidor en RRSS:<\/strong> Los datos que hayas facilitado a la red social ser\u00e1n usados para mantener un seguimiento mutuo de nuestras cuentas y poder contactar contigo siempre a trav\u00e9s de la red social elegida.<\/p>\n<p><strong>&nbsp;<\/strong><\/p>\n<h3><strong>\u00bfCu\u00e1l es la legitimaci\u00f3n para el tratamiento de sus datos personales?<\/strong><\/h3>\n<p><strong>Como Usuario de la Web: <\/strong>El consentimiento del interesado que nos dirige su consulta o solicitud de informaci\u00f3n o, en caso de solicitar un presupuesto de nuestros servicios, la aplicaci\u00f3n de medidas precontractuales a petici\u00f3n suya. La comunicaci\u00f3n de sus datos es necesaria para poder atender sus consultas y solicitudes, conforme a los Art. 6.1.a) y Art.6.1. b) del RGPD respectivamente<\/p>\n<p><strong>Como seguidor en RRSS:<\/strong> Consentimiento del interesado, conforme al Art. 6.1.a) del RGPD<\/p>\n<p><strong>&nbsp;<\/strong><\/p>\n<h3><strong>\u00bfPor cu\u00e1nto tiempo conservaremos sus datos personales?<\/strong><\/h3>\n<p><strong>Como Usuario de la Web: <\/strong>Conservados hasta cumplir su finalidad o hasta que nos revoque el consentimiento prestado<\/p>\n<p><strong>Como seguidor en RRSS:<\/strong> Ser\u00e1n conservados hasta que nos revoque el consentimiento prestado o dejes de seguirnos o marques ya no me gusta<\/p>\n<p><strong>&nbsp;<\/strong><\/p>\n<h3><strong>\u00bfCederemos sus datos personales?<\/strong><\/h3>\n<p><strong>Como Usuario de la Web: <\/strong>Sus datos personales no ser\u00e1n cedidos salvo por obligaci\u00f3n legal. No obstante, los datos tratados a trav\u00e9s de esta p\u00e1gina web ser\u00e1n accesibles por nuestro proveedor de hosting.<\/p>\n<p><strong>Como seguidor en RRSS:<\/strong> Sus datos personales no ser\u00e1n cedidos salvo por obligaci\u00f3n legal<\/p>\n<h3><strong>\u00bfQu\u00e9 derechos tiene cuando nos facilita sus datos personales?<\/strong><\/h3>\n<p>Como interesado le asisten los derechos que indicamos a continuaci\u00f3n, pero tenga en cuenta que en el caso de las redes sociales nosotros accedemos a los datos personales que aparecen en su perfil como consecuencia del seguimiento mutuo realizado a nuestras cuentas de Facebook Pinterest o Instagram exclusivamente, por lo tanto, el ejercicio de los derechos sobre sus datos personales entendemos que debe realizarlos a la propia red social, a pesar de lo cual le informamos de cuales son<\/p>\n<p>Derecho de <strong>Acceso<\/strong>: Usted tiene derecho a saber si se est\u00e1n tratando sus datos y a recibir esa informaci\u00f3n por escrito a trav\u00e9s del medio solicitado.<\/p>\n<p>Derecho de <strong>Rectificaci\u00f3n<\/strong>: Usted tiene derecho a solicitar la rectificaci\u00f3n de sus datos si estos fuesen inexactos o incompletos.<\/p>\n<p>Usted tiene derecho a solicitar la <strong>supresi\u00f3n<\/strong> de sus datos, sin embargo, deber\u00e1 tener en cuenta que el derecho de supresi\u00f3n queda limitado cuando exista obligaci\u00f3n legal de retenci\u00f3n o bloqueo de sus datos.<\/p>\n<p>En determinadas circunstancias, los interesados podr\u00e1n solicitar la <strong>limitaci\u00f3n<\/strong> del tratamiento de sus datos, en cuyo caso \u00fanicamente los conservaremos para el ejercicio o la defensa de reclamaciones, la protecci\u00f3n de terceros o por razones de inter\u00e9s p\u00fablico importante.<\/p>\n<p>En determinadas circunstancias y por motivos relacionados con su situaci\u00f3n particular, Usted podr\u00e1 <strong>oponerse <\/strong>al tratamiento de sus datos. El responsable dejar\u00e1 de tratar los datos, salvo por motivos leg\u00edtimos imperiosos, o el ejercicio o la defensa de posibles reclamaciones.<\/p>\n<p>Cuando el tratamiento de sus datos est\u00e9 basado en el consentimiento o sea necesario para la ejecuci\u00f3n de un contrato o precontrato y se efect\u00fae por medios automatizados, Usted tendr\u00e1 derecho a la <strong>portabilidad<\/strong> de sus datos, es decir, a que se le entreguen en formato estructurado, de uso com\u00fan y lectura mec\u00e1nica, incluso a remit\u00edrselos a un nuevo responsable.<\/p>\n<p>Para ejercitar cualquiera de los derechos indicados, puede dirigirse por escrito a la atenci\u00f3n de ALORA SOLUCIONES S.L.&nbsp;en su direcci\u00f3n postal o mediante correo electr\u00f3nico dirigido a&nbsp;administracion@alora-soluciones.es. En todo caso, deber\u00e1 acompa\u00f1ar a la solicitud copia de su DNI para acreditar su identidad.<\/p>\n<p>Cualquier interesado podr\u00e1 <strong><em>presentar una reclamaci\u00f3n <\/em><\/strong>ante la Autoridad de Control competente en materia de Protecci\u00f3n de Datos, especialmente cuando no haya obtenido satisfacci\u00f3n en el ejercicio de sus derechos y la forma de ponerse en contacto con ella ser\u00eda dirigir un escrito a Agencia Espa\u00f1ola de Protecci\u00f3n de Datos Personales en C\/Jorge Juan n.\u00ba 6, 28001 Madrid o a trav\u00e9s de su sede electr\u00f3nica en <a href=\"http:\/\/www.agpd.es\">www.agpd.es<\/a><\/p>\n","protected":false},"excerpt":{"rendered":"<p>POL\u00cdTICA DE PRIVACIDAD De acuerdo con lo establecido en el Reglamento (UE) 2016\/679 del Parlamento Europeo y del Consejo, de 27 de abril de 2016, relativo a la protecci\u00f3n de las personas f\u00edsicas en lo que respecta al tratamiento de datos personales y a la libre circulaci\u00f3n de estos datos (RGPD) y LO 3\/2018, de&hellip;<\/p>\n","protected":false},"author":1,"featured_media":0,"parent":0,"menu_order":0,"comment_status":"closed","ping_status":"closed","template":"","meta":[],"yoast_head":"<!-- This site is optimized with the Yoast SEO plugin v20.1 - https:\/\/yoast.com\/wordpress\/plugins\/seo\/ -->\n<title>Pol\u00edtica de Privacidad | Alora Soluciones<\/title>\n<meta name=\"description\" content=\"En cumplimiento de la Ley Org\u00e1nica 15\/1999, de 13 de diciembre, le informamos que los datos personales que nos suministre a trav\u00e9s del portal www.alora-soluciones.com ser\u00e1n tratados de forma confidencial y podr\u00e1n pasar a formar parte de un fichero titularidad de Alora Soluciones S.L.,\" \/>\n<meta name=\"robots\" content=\"index, follow, max-snippet:-1, max-image-preview:large, max-video-preview:-1\" \/>\n<link rel=\"canonical\" href=\"http:\/\/www.ailikedesign.com\/alora\/politica-de-privacidad\/\" \/>\n<meta property=\"og:locale\" content=\"es_ES\" \/>\n<meta property=\"og:type\" content=\"article\" \/>\n<meta property=\"og:title\" content=\"Pol\u00edtica de Privacidad | Alora Soluciones\" \/>\n<meta property=\"og:description\" content=\"En cumplimiento de la Ley Org\u00e1nica 15\/1999, de 13 de diciembre, le informamos que los datos personales que nos suministre a trav\u00e9s del portal www.alora-soluciones.com ser\u00e1n tratados de forma confidencial y podr\u00e1n pasar a formar parte de un fichero titularidad de Alora Soluciones S.L.,\" \/>\n<meta property=\"og:url\" content=\"http:\/\/www.ailikedesign.com\/alora\/politica-de-privacidad\/\" \/>\n<meta property=\"og:site_name\" content=\"Alora Soluciones\" \/>\n<meta property=\"article:modified_time\" content=\"2021-11-18T16:15:20+00:00\" \/>\n<meta name=\"twitter:card\" content=\"summary_large_image\" \/>\n<meta name=\"twitter:label1\" content=\"Tiempo de lectura\" \/>\n\t<meta name=\"twitter:data1\" content=\"4 minutos\" \/>\n<script type=\"application\/ld+json\" class=\"yoast-schema-graph\">{\"@context\":\"https:\/\/schema.org\",\"@graph\":[{\"@type\":\"WebPage\",\"@id\":\"http:\/\/www.ailikedesign.com\/alora\/politica-de-privacidad\/\",\"url\":\"http:\/\/www.ailikedesign.com\/alora\/politica-de-privacidad\/\",\"name\":\"Pol\u00edtica de Privacidad | Alora Soluciones\",\"isPartOf\":{\"@id\":\"http:\/\/www.ailikedesign.com\/alora\/#website\"},\"datePublished\":\"2017-11-07T14:34:30+00:00\",\"dateModified\":\"2021-11-18T16:15:20+00:00\",\"description\":\"En cumplimiento de la Ley Org\u00e1nica 15\/1999, de 13 de diciembre, le informamos que los datos personales que nos suministre a trav\u00e9s del portal www.alora-soluciones.com ser\u00e1n tratados de forma confidencial y podr\u00e1n pasar a formar parte de un fichero titularidad de Alora Soluciones S.L.,\",\"breadcrumb\":{\"@id\":\"http:\/\/www.ailikedesign.com\/alora\/politica-de-privacidad\/#breadcrumb\"},\"inLanguage\":\"es\",\"potentialAction\":[{\"@type\":\"ReadAction\",\"target\":[\"http:\/\/www.ailikedesign.com\/alora\/politica-de-privacidad\/\"]}]},{\"@type\":\"BreadcrumbList\",\"@id\":\"http:\/\/www.ailikedesign.com\/alora\/politica-de-privacidad\/#breadcrumb\",\"itemListElement\":[{\"@type\":\"ListItem\",\"position\":1,\"name\":\"Portada\",\"item\":\"http:\/\/www.ailikedesign.com\/alora\/\"},{\"@type\":\"ListItem\",\"position\":2,\"name\":\"Pol\u00edtica de Privacidad\"}]},{\"@type\":\"WebSite\",\"@id\":\"http:\/\/www.ailikedesign.com\/alora\/#website\",\"url\":\"http:\/\/www.ailikedesign.com\/alora\/\",\"name\":\"Alora Soluciones\",\"description\":\"Sistemas avanzados de telecomunicaciones\",\"potentialAction\":[{\"@type\":\"SearchAction\",\"target\":{\"@type\":\"EntryPoint\",\"urlTemplate\":\"http:\/\/www.ailikedesign.com\/alora\/?s={search_term_string}\"},\"query-input\":\"required name=search_term_string\"}],\"inLanguage\":\"es\"}]}<\/script>\n<!-- \/ Yoast SEO plugin. -->","yoast_head_json":{"title":"Pol\u00edtica de Privacidad | Alora Soluciones","description":"En cumplimiento de la Ley Org\u00e1nica 15\/1999, de 13 de diciembre, le informamos que los datos personales que nos suministre a trav\u00e9s del portal www.alora-soluciones.com ser\u00e1n tratados de forma confidencial y podr\u00e1n pasar a formar parte de un fichero titularidad de Alora Soluciones S.L.,","robots":{"index":"index","follow":"follow","max-snippet":"max-snippet:-1","max-image-preview":"max-image-preview:large","max-video-preview":"max-video-preview:-1"},"canonical":"http:\/\/www.ailikedesign.com\/alora\/politica-de-privacidad\/","og_locale":"es_ES","og_type":"article","og_title":"Pol\u00edtica de Privacidad | Alora Soluciones","og_description":"En cumplimiento de la Ley Org\u00e1nica 15\/1999, de 13 de diciembre, le informamos que los datos personales que nos suministre a trav\u00e9s del portal www.alora-soluciones.com ser\u00e1n tratados de forma confidencial y podr\u00e1n pasar a formar parte de un fichero titularidad de Alora Soluciones S.L.,","og_url":"http:\/\/www.ailikedesign.com\/alora\/politica-de-privacidad\/","og_site_name":"Alora Soluciones","article_modified_time":"2021-11-18T16:15:20+00:00","twitter_card":"summary_large_image","twitter_misc":{"Tiempo de lectura":"4 minutos"},"schema":{"@context":"https:\/\/schema.org","@graph":[{"@type":"WebPage","@id":"http:\/\/www.ailikedesign.com\/alora\/politica-de-privacidad\/","url":"http:\/\/www.ailikedesign.com\/alora\/politica-de-privacidad\/","name":"Pol\u00edtica de Privacidad | Alora Soluciones","isPartOf":{"@id":"http:\/\/www.ailikedesign.com\/alora\/#website"},"datePublished":"2017-11-07T14:34:30+00:00","dateModified":"2021-11-18T16:15:20+00:00","description":"En cumplimiento de la Ley Org\u00e1nica 15\/1999, de 13 de diciembre, le informamos que los datos personales que nos suministre a trav\u00e9s del portal www.alora-soluciones.com ser\u00e1n tratados de forma confidencial y podr\u00e1n pasar a formar parte de un fichero titularidad de Alora Soluciones S.L.,","breadcrumb":{"@id":"http:\/\/www.ailikedesign.com\/alora\/politica-de-privacidad\/#breadcrumb"},"inLanguage":"es","potentialAction":[{"@type":"ReadAction","target":["http:\/\/www.ailikedesign.com\/alora\/politica-de-privacidad\/"]}]},{"@type":"BreadcrumbList","@id":"http:\/\/www.ailikedesign.com\/alora\/politica-de-privacidad\/#breadcrumb","itemListElement":[{"@type":"ListItem","position":1,"name":"Portada","item":"http:\/\/www.ailikedesign.com\/alora\/"},{"@type":"ListItem","position":2,"name":"Pol\u00edtica de Privacidad"}]},{"@type":"WebSite","@id":"http:\/\/www.ailikedesign.com\/alora\/#website","url":"http:\/\/www.ailikedesign.com\/alora\/","name":"Alora Soluciones","description":"Sistemas avanzados de telecomunicaciones","potentialAction":[{"@type":"SearchAction","target":{"@type":"EntryPoint","urlTemplate":"http:\/\/www.ailikedesign.com\/alora\/?s={search_term_string}"},"query-input":"required name=search_term_string"}],"inLanguage":"es"}]}},"_links":{"self":[{"href":"http:\/\/www.ailikedesign.com\/alora\/wp-json\/wp\/v2\/pages\/876"}],"collection":[{"href":"http:\/\/www.ailikedesign.com\/alora\/wp-json\/wp\/v2\/pages"}],"about":[{"href":"http:\/\/www.ailikedesign.com\/alora\/wp-json\/wp\/v2\/types\/page"}],"author":[{"embeddable":true,"href":"http:\/\/www.ailikedesign.com\/alora\/wp-json\/wp\/v2\/users\/1"}],"replies":[{"embeddable":true,"href":"http:\/\/www.ailikedesign.com\/alora\/wp-json\/wp\/v2\/comments?post=876"}],"version-history":[{"count":2,"href":"http:\/\/www.ailikedesign.com\/alora\/wp-json\/wp\/v2\/pages\/876\/revisions"}],"predecessor-version":[{"id":101932,"href":"http:\/\/www.ailikedesign.com\/alora\/wp-json\/wp\/v2\/pages\/876\/revisions\/101932"}],"wp:attachment":[{"href":"http:\/\/www.ailikedesign.com\/alora\/wp-json\/wp\/v2\/media?parent=876"}],"curies":[{"name":"wp","href":"https:\/\/api.w.org\/{rel}","templated":true}]}}